{"id":157,"date":"2024-05-03T17:02:04","date_gmt":"2024-05-03T15:02:04","guid":{"rendered":"http:\/\/forge-musee.fr\/?page_id=157"},"modified":"2026-03-06T17:21:56","modified_gmt":"2026-03-06T16:21:56","slug":"infos-pratiques","status":"publish","type":"page","link":"https:\/\/forge-musee.fr\/index.php\/infos-pratiques\/","title":{"rendered":"Infos pratiques 2026"},"content":{"rendered":"\n<div class=\"wp-block-columns is-layout-flex wp-container-core-columns-is-layout-9d6595d7 wp-block-columns-is-layout-flex\">\n<div class=\"wp-block-column is-layout-flow wp-block-column-is-layout-flow\">\n<h1 class=\"wp-block-heading has-large-font-size\"><mark style=\"background-color:rgba(0, 0, 0, 0)\" class=\"has-inline-color has-colibri-color-2-color\">Les tarifs<\/mark> individuels<\/h1>\n\n\n\n<details class=\"wp-block-details is-layout-flow wp-block-details-is-layout-flow\"><summary>R\u00e9duit : sur justificatif<\/summary>\n<p><\/p>\n<\/details>\n\n\n\n<hr class=\"wp-block-separator has-alpha-channel-opacity\"\/>\n\n\n\n<div style=\"height:34px\" aria-hidden=\"true\" class=\"wp-block-spacer\"><\/div>\n\n\n\n<div class=\"wp-block-media-text is-stacked-on-mobile is-image-fill-element\" style=\"grid-template-columns:43% auto\"><figure class=\"wp-block-media-text__media\"><img loading=\"lazy\" decoding=\"async\" width=\"1024\" height=\"683\" src=\"http:\/\/forge-musee.fr\/wp-content\/uploads\/2024\/05\/IMG_4205-1024x683.jpg\" alt=\"\" class=\"wp-image-149 size-full\" style=\"object-position:50% 50%\" srcset=\"https:\/\/forge-musee.fr\/wp-content\/uploads\/2024\/05\/IMG_4205-1024x683.jpg 1024w, https:\/\/forge-musee.fr\/wp-content\/uploads\/2024\/05\/IMG_4205-300x200.jpg 300w, https:\/\/forge-musee.fr\/wp-content\/uploads\/2024\/05\/IMG_4205-768x512.jpg 768w, https:\/\/forge-musee.fr\/wp-content\/uploads\/2024\/05\/IMG_4205-1536x1024.jpg 1536w, https:\/\/forge-musee.fr\/wp-content\/uploads\/2024\/05\/IMG_4205-2048x1365.jpg 2048w\" sizes=\"auto, (max-width: 1024px) 100vw, 1024px\" \/><\/figure><div class=\"wp-block-media-text__content\">\n<p><strong>Plein tarif<\/strong> : 6 \u20ac<\/p>\n\n\n\n<p><em>Pass Culture accept\u00e9<\/em><\/p>\n\n\n\n<p><strong>R\u00e9duit<\/strong>\u00b9 : 5 \u20ac<\/p>\n\n\n\n<p><strong>Jeune (-15 ans)<\/strong> : Gratuit<\/p>\n\n\n\n<p><strong>Famille\u00b2 <\/strong>: 12 \u20ac<\/p>\n<\/div><\/div>\n<\/div>\n\n\n\n<div class=\"wp-block-column is-layout-flow wp-block-column-is-layout-flow\">\n<h1 class=\"wp-block-heading has-large-font-size\"><mark style=\"background-color:rgba(0, 0, 0, 0)\" class=\"has-inline-color has-colibri-color-2-color\">Les tarifs<\/mark> groupes<\/h1>\n\n\n\n<details class=\"wp-block-details is-layout-flow wp-block-details-is-layout-flow\"><summary>A partir de 10 personnes<\/summary>\n<p><\/p>\n<\/details>\n\n\n\n<hr class=\"wp-block-separator has-alpha-channel-opacity\"\/>\n\n\n\n<div style=\"height:34px\" aria-hidden=\"true\" class=\"wp-block-spacer\"><\/div>\n\n\n\n<div class=\"wp-block-media-text is-stacked-on-mobile is-image-fill-element\" style=\"grid-template-columns:43% auto\"><figure class=\"wp-block-media-text__media\"><img loading=\"lazy\" decoding=\"async\" width=\"1024\" height=\"683\" src=\"http:\/\/forge-musee.fr\/wp-content\/uploads\/2024\/05\/IMG_9202-1024x683.jpg\" alt=\"\" class=\"wp-image-148 size-full\" style=\"object-position:50% 50%\" srcset=\"https:\/\/forge-musee.fr\/wp-content\/uploads\/2024\/05\/IMG_9202-1024x683.jpg 1024w, https:\/\/forge-musee.fr\/wp-content\/uploads\/2024\/05\/IMG_9202-300x200.jpg 300w, https:\/\/forge-musee.fr\/wp-content\/uploads\/2024\/05\/IMG_9202-768x512.jpg 768w, https:\/\/forge-musee.fr\/wp-content\/uploads\/2024\/05\/IMG_9202-1536x1024.jpg 1536w, https:\/\/forge-musee.fr\/wp-content\/uploads\/2024\/05\/IMG_9202-2048x1365.jpg 2048w\" sizes=\"auto, (max-width: 1024px) 100vw, 1024px\" \/><\/figure><div class=\"wp-block-media-text__content\">\n<p><strong>Adulte <\/strong>: 5 \u20ac<\/p>\n\n\n\n<p><strong>Enfant (-15 ans) <\/strong>: Gratuit<\/p>\n\n\n\n<p><strong>Groupe scolaire <\/strong>: 15 \u20ac<\/p>\n\n\n\n<p><strong>Scolaire Etueffont<\/strong> : Gratuit<\/p>\n\n\n\n<p><strong>D\u00e9mo de forge <\/strong>: 40 \u20ac (facturation par l&rsquo;association)<\/p>\n<\/div><\/div>\n<\/div>\n<\/div>\n\n\n\n<div class=\"wp-block-group is-vertical is-layout-flex wp-container-core-group-is-layout-8cf370e7 wp-block-group-is-layout-flex\">\n<hr class=\"wp-block-separator has-alpha-channel-opacity is-style-wide\"\/>\n\n\n\n<p>\u00b9 Demandeurs d&#8217;emploi, personne \u00e0 mobilit\u00e9 r\u00e9duite, carte CEZAM, Passeport Tourisme<\/p>\n\n\n\n<p>\u00b2 Deux adultes + enfants jusqu\u2019\u00e0 18 ans<\/p>\n<\/div>\n\n\n\n<div class=\"wp-block-group is-content-justification-center is-nowrap is-layout-flex wp-container-core-group-is-layout-94bc23d7 wp-block-group-is-layout-flex\">\n<p class=\"has-text-align-center has-medium-font-size\"><\/p>\n\n\n\n<div class=\"wp-block-group is-content-justification-center is-nowrap is-layout-flex wp-container-core-group-is-layout-94bc23d7 wp-block-group-is-layout-flex\">\n<p class=\"has-text-align-center has-medium-font-size\"><\/p>\n\n\n\n<p><\/p>\n<\/div>\n\n\n\n<p class=\"has-text-align-center has-medium-font-size\"><\/p>\n\n\n\n<p><\/p>\n<\/div>\n\n\n\n<div style=\"height:55px\" aria-hidden=\"true\" class=\"wp-block-spacer\"><\/div>\n\n\n\n<h1 class=\"wp-block-heading\"><mark style=\"background-color:rgba(0, 0, 0, 0)\" class=\"has-inline-color has-colibri-color-2-color\">P\u00e9riodes et horaires<\/mark> d&rsquo;ouverture 2026<\/h1>\n\n\n\n<hr class=\"wp-block-separator has-alpha-channel-opacity\"\/>\n\n\n\n<blockquote class=\"wp-block-quote is-layout-flow wp-block-quote-is-layout-flow\">\n<p class=\"has-text-align-left\"><\/p>\n<\/blockquote>\n\n\n\n<ul class=\"wp-block-list\">\n<li><strong>Du 8 avril au 20 septembre 2026 : Du mercredi au dimanche de 14H \u00e0 17H30<\/strong><\/li>\n\n\n\n<li><strong>Du 17 au 31 octobre 2026 <\/strong>: <strong>Du mercredi au dimanche de 14H \u00e0 17H30<\/strong><\/li>\n<\/ul>\n\n\n\n<p>R\u00e9servation de groupes sur r\u00e9servation<\/p>\n\n\n\n<p>Fermeture : <strong>Vendredi 1<sup>er<\/sup> mai 2026<\/strong> <strong>et du dimanche 1er novembre 2026 au 1<sup>er<\/sup> mercredi d\u2019avril 2027<\/strong><\/p>\n\n\n\n<ul class=\"wp-block-list\">\n<li><strong>Gratuit\u00e9 des entr\u00e9es<\/strong> :\n<ul class=\"wp-block-list\">\n<li><strong>Le 23 mai 2026 \u00e0 partir de 17H30<\/strong>&nbsp;: nuit europ\u00e9enne des mus\u00e9es<\/li>\n\n\n\n<li><strong>Les 19 et 20 septembre<\/strong>&nbsp;<strong>2026<\/strong> : journ\u00e9es europ\u00e9ennes du patrimoine<\/li>\n<\/ul>\n<\/li>\n<\/ul>\n\n\n\n<div style=\"height:50px\" aria-hidden=\"true\" class=\"wp-block-spacer\"><\/div>\n\n\n\n<h1 class=\"wp-block-heading\"><mark style=\"background-color:rgba(0, 0, 0, 0)\" class=\"has-inline-color has-colibri-color-2-color\">Acc\u00e8s<\/mark><\/h1>\n\n\n\n<hr class=\"wp-block-separator has-alpha-channel-opacity\"\/>\n\n\n\n<div class=\"wp-block-group is-nowrap is-layout-flex wp-container-core-group-is-layout-ad2f72ca wp-block-group-is-layout-flex\">\n<ul class=\"wp-block-list\">\n<li>Parking de plein pied en face du mus\u00e9e <\/li>\n\n\n\n<li>Toilettes et toilettes PMR<\/li>\n\n\n\n<li>Visite de la forge et d\u00e9monstrations accessibles PMR                                       <\/li>\n<\/ul>\n\n\n\n<hr class=\"wp-block-separator has-alpha-channel-opacity\"\/>\n\n\n\n<hr class=\"wp-block-separator has-alpha-channel-opacity\"\/>\n\n\n\n<figure class=\"wp-block-image size-full is-resized\"><img loading=\"lazy\" decoding=\"async\" width=\"800\" height=\"800\" src=\"http:\/\/forge-musee.fr\/wp-content\/uploads\/2024\/05\/panneau-de-securite-handicape.png\" alt=\"\" class=\"wp-image-323\" style=\"width:99px;height:auto\" srcset=\"https:\/\/forge-musee.fr\/wp-content\/uploads\/2024\/05\/panneau-de-securite-handicape.png 800w, https:\/\/forge-musee.fr\/wp-content\/uploads\/2024\/05\/panneau-de-securite-handicape-300x300.png 300w, https:\/\/forge-musee.fr\/wp-content\/uploads\/2024\/05\/panneau-de-securite-handicape-150x150.png 150w, https:\/\/forge-musee.fr\/wp-content\/uploads\/2024\/05\/panneau-de-securite-handicape-768x768.png 768w\" sizes=\"auto, (max-width: 800px) 100vw, 800px\" \/><\/figure>\n\n\n\n<figure class=\"wp-block-image size-full is-resized\"><img loading=\"lazy\" decoding=\"async\" width=\"800\" height=\"800\" src=\"http:\/\/forge-musee.fr\/wp-content\/uploads\/2024\/05\/pictogramme-chien-en-laisse-obligatoire.jpg\" alt=\"\" class=\"wp-image-322\" style=\"width:102px;height:auto\" srcset=\"https:\/\/forge-musee.fr\/wp-content\/uploads\/2024\/05\/pictogramme-chien-en-laisse-obligatoire.jpg 800w, https:\/\/forge-musee.fr\/wp-content\/uploads\/2024\/05\/pictogramme-chien-en-laisse-obligatoire-300x300.jpg 300w, https:\/\/forge-musee.fr\/wp-content\/uploads\/2024\/05\/pictogramme-chien-en-laisse-obligatoire-150x150.jpg 150w, https:\/\/forge-musee.fr\/wp-content\/uploads\/2024\/05\/pictogramme-chien-en-laisse-obligatoire-768x768.jpg 768w\" sizes=\"auto, (max-width: 800px) 100vw, 800px\" \/><\/figure>\n\n\n\n<figure class=\"wp-block-image size-full is-resized\"><img loading=\"lazy\" decoding=\"async\" width=\"252\" height=\"252\" src=\"http:\/\/forge-musee.fr\/wp-content\/uploads\/2024\/05\/ile-bouchard-picto-venir-famille.png\" alt=\"\" class=\"wp-image-326\" style=\"width:102px;height:auto\" srcset=\"https:\/\/forge-musee.fr\/wp-content\/uploads\/2024\/05\/ile-bouchard-picto-venir-famille.png 252w, https:\/\/forge-musee.fr\/wp-content\/uploads\/2024\/05\/ile-bouchard-picto-venir-famille-150x150.png 150w\" sizes=\"auto, (max-width: 252px) 100vw, 252px\" \/><\/figure>\n<\/div>\n\n\n\n<div style=\"height:50px\" aria-hidden=\"true\" class=\"wp-block-spacer\"><\/div>\n\n\n\n<h1 class=\"wp-block-heading\"><mark style=\"background-color:rgba(0, 0, 0, 0)\" class=\"has-inline-color has-colibri-color-2-color\">Venir <\/mark>chez nous<\/h1>\n\n\n\n<h4 class=\"wp-block-heading\"><mark style=\"background-color:rgba(0, 0, 0, 0)\" class=\"has-inline-color has-colibri-color-2-color\"><em>2 rue de Lamadeleine 90170 \u00c9tueffont<\/em><\/mark><\/h4>\n\n\n\n<hr class=\"wp-block-separator has-alpha-channel-opacity\"\/>\n\n\n\n<div class=\"wp-block-columns is-layout-flex wp-container-core-columns-is-layout-9d6595d7 wp-block-columns-is-layout-flex\">\n<div class=\"wp-block-column is-layout-flow wp-block-column-is-layout-flow\">\n<p><strong><em><mark style=\"background-color:rgba(0, 0, 0, 0)\" class=\"has-inline-color has-colibri-color-6-color\">En voiture <\/mark><\/em><\/strong><\/p>\n\n\n\n<ul class=\"wp-block-list\">\n<li>Depuis Belfort : 15 kilom\u00e8tres via <strong>D83 &#8211; D12<\/strong><\/li>\n\n\n\n<li>Depuis l&rsquo;Alsace : 12 kilom\u00e8tres de Masevaux via <strong>D110 &#8211; D2<\/strong>, 40 kilom\u00e8tres de Mulhouse via <strong>A36 &#8211; D12<\/strong><\/li>\n\n\n\n<li>Depuis les Vosges : 22 kilom\u00e8tres du Ballon d&rsquo;Alsace via <strong>D465 &#8211; D12<\/strong><\/li>\n<\/ul>\n\n\n\n<div class=\"wp-block-group is-nowrap is-layout-flex wp-container-core-group-is-layout-ad2f72ca wp-block-group-is-layout-flex\">\n<p><strong><em><mark style=\"background-color:rgba(0, 0, 0, 0)\" class=\"has-inline-color has-colibri-color-6-color\">En bus <\/mark><\/em><\/strong><\/p>\n<\/div>\n\n\n\n<div style=\"height:16px\" aria-hidden=\"true\" class=\"wp-block-spacer\"><\/div>\n\n\n\n<ul class=\"wp-block-list\">\n<li>Lignes <strong>21 <\/strong>et <strong>22 <\/strong>depuis Belfort<\/li>\n<\/ul>\n\n\n\n<p><em><strong><mark style=\"background-color:rgba(0, 0, 0, 0)\" class=\"has-inline-color has-colibri-color-6-color\">En train <\/mark><\/strong><\/em><\/p>\n\n\n\n<ul class=\"wp-block-list\">\n<li>Gares TER les plus proches : Belfort-centre et Bas-Evette (proche Malsaucy) via <strong>D465 &#8211; D12<\/strong><\/li>\n\n\n\n<li>Gare TGV Belfort-Mont\u00e9bliard (Meroux) via <strong>A36 &#8211; D83 &#8211; D12<\/strong><\/li>\n<\/ul>\n<\/div>\n<\/div>\n\n\n\n<p><em><strong><mark style=\"background-color:rgba(0, 0, 0, 0)\" class=\"has-inline-color has-colibri-color-6-color\">En avion <\/mark><\/strong><\/em><\/p>\n\n\n\n<ul class=\"wp-block-list\">\n<li>A\u00e9roport B\u00e2le-Mulhouse-Fribourg via <strong>A35 &#8211; A36 &#8211; D12<\/strong> (70 kilom\u00e8tres)<\/li>\n<\/ul>\n\n\n\n<div style=\"height:50px\" aria-hidden=\"true\" class=\"wp-block-spacer\"><\/div>\n\n\n\n<h1 class=\"wp-block-heading\"><mark style=\"background-color:rgba(0, 0, 0, 0)\" class=\"has-inline-color has-colibri-color-2-color\"><strong>Nous <\/strong><\/mark><mark style=\"background-color:rgba(0, 0, 0, 0)\" class=\"has-inline-color has-colibri-color-6-color\"><strong>contacter<\/strong><\/mark><\/h1>\n\n\n\n<hr class=\"wp-block-separator has-alpha-channel-opacity\"\/>\n\n\n\n<p>Adresse postale : 2, rue de Lamadeleine 90170 ETUEFFONT<\/p>\n\n\n\n<p>Par t\u00e9l\u00e9phone : 03 84 54 60 41<\/p>\n\n\n\n<p>Par e-mail : contact.forgemusee@gmail.com<\/p>\n","protected":false},"excerpt":{"rendered":"<p>Les tarifs individuels Plein tarif : 6 \u20ac Pass Culture accept\u00e9 R\u00e9duit\u00b9 : 5 \u20ac Jeune (-15 ans) : Gratuit Famille\u00b2 : 12 \u20ac Les tarifs groupes Adulte : 5 \u20ac Enfant (-15 ans) : Gratuit Groupe scolaire : 15 \u20ac Scolaire Etueffont : Gratuit D\u00e9mo de forge : 40 \u20ac (facturation par l&rsquo;association) \u00b9 [&hellip;]<\/p>\n","protected":false},"author":1,"featured_media":0,"parent":0,"menu_order":0,"comment_status":"closed","ping_status":"closed","template":"","meta":{"footnotes":""},"class_list":["post-157","page","type-page","status-publish","hentry"],"_links":{"self":[{"href":"https:\/\/forge-musee.fr\/index.php\/wp-json\/wp\/v2\/pages\/157","targetHints":{"allow":["GET"]}}],"collection":[{"href":"https:\/\/forge-musee.fr\/index.php\/wp-json\/wp\/v2\/pages"}],"about":[{"href":"https:\/\/forge-musee.fr\/index.php\/wp-json\/wp\/v2\/types\/page"}],"author":[{"embeddable":true,"href":"https:\/\/forge-musee.fr\/index.php\/wp-json\/wp\/v2\/users\/1"}],"replies":[{"embeddable":true,"href":"https:\/\/forge-musee.fr\/index.php\/wp-json\/wp\/v2\/comments?post=157"}],"version-history":[{"count":77,"href":"https:\/\/forge-musee.fr\/index.php\/wp-json\/wp\/v2\/pages\/157\/revisions"}],"predecessor-version":[{"id":936,"href":"https:\/\/forge-musee.fr\/index.php\/wp-json\/wp\/v2\/pages\/157\/revisions\/936"}],"wp:attachment":[{"href":"https:\/\/forge-musee.fr\/index.php\/wp-json\/wp\/v2\/media?parent=157"}],"curies":[{"name":"wp","href":"https:\/\/api.w.org\/{rel}","templated":true}]}}