{"id":729,"date":"2025-02-13T14:54:31","date_gmt":"2025-02-13T13:54:31","guid":{"rendered":"https:\/\/forge-musee.fr\/?page_id=729"},"modified":"2025-02-13T15:05:20","modified_gmt":"2025-02-13T14:05:20","slug":"visites-ludiques","status":"publish","type":"page","link":"https:\/\/forge-musee.fr\/index.php\/visites-ludiques\/","title":{"rendered":"Visites ludiques"},"content":{"rendered":"\n<p class=\"has-text-align-center\">La <em>Forge-mus\u00e9e d&rsquo;Etueffont<\/em> propose, en plus des visites guid\u00e9es traditionnelles,<\/p>\n\n\n\n<p class=\"has-text-align-center\">des outils de m\u00e9diation permettant au public de tout \u00e2ge de profiter d&rsquo;une <strong>visite adapt\u00e9e<\/strong>.<\/p>\n\n\n\n<p class=\"has-text-align-center\"><em>Plus de d\u00e9tails sur place pendant les heures d&rsquo;ouverture au par mail \u00e0 <a href=\"mailto:contact.forgemusee@mail.com\">contact.forgemusee@mail.com<\/a>.<\/em><\/p>\n\n\n\n<div style=\"height:100px\" aria-hidden=\"true\" class=\"wp-block-spacer\"><\/div>\n\n\n\n<div class=\"wp-block-group is-layout-grid wp-container-core-group-is-layout-9649a0d9 wp-block-group-is-layout-grid\">\n<figure class=\"wp-block-gallery has-nested-images columns-default is-cropped wp-block-gallery-1 is-layout-flex wp-block-gallery-is-layout-flex\">\n<figure class=\"wp-block-image size-large\"><img loading=\"lazy\" decoding=\"async\" width=\"724\" height=\"1024\" data-id=\"740\" src=\"https:\/\/forge-musee.fr\/wp-content\/uploads\/2025\/02\/Sous-les-toits-de-la-forge1-724x1024.png\" alt=\"\" class=\"wp-image-740\" srcset=\"https:\/\/forge-musee.fr\/wp-content\/uploads\/2025\/02\/Sous-les-toits-de-la-forge1-724x1024.png 724w, https:\/\/forge-musee.fr\/wp-content\/uploads\/2025\/02\/Sous-les-toits-de-la-forge1-212x300.png 212w, https:\/\/forge-musee.fr\/wp-content\/uploads\/2025\/02\/Sous-les-toits-de-la-forge1-768x1086.png 768w, https:\/\/forge-musee.fr\/wp-content\/uploads\/2025\/02\/Sous-les-toits-de-la-forge1-1086x1536.png 1086w, https:\/\/forge-musee.fr\/wp-content\/uploads\/2025\/02\/Sous-les-toits-de-la-forge1.png 1414w\" sizes=\"auto, (max-width: 724px) 100vw, 724px\" \/><\/figure>\n<\/figure>\n\n\n\n<figure class=\"wp-block-image size-large wp-container-content-69bc4bdf\"><img loading=\"lazy\" decoding=\"async\" width=\"724\" height=\"1024\" src=\"https:\/\/forge-musee.fr\/wp-content\/uploads\/2025\/02\/La-vie-des-villages-724x1024.png\" alt=\"\" class=\"wp-image-739\" srcset=\"https:\/\/forge-musee.fr\/wp-content\/uploads\/2025\/02\/La-vie-des-villages-724x1024.png 724w, https:\/\/forge-musee.fr\/wp-content\/uploads\/2025\/02\/La-vie-des-villages-212x300.png 212w, https:\/\/forge-musee.fr\/wp-content\/uploads\/2025\/02\/La-vie-des-villages-768x1086.png 768w, https:\/\/forge-musee.fr\/wp-content\/uploads\/2025\/02\/La-vie-des-villages-1086x1536.png 1086w, https:\/\/forge-musee.fr\/wp-content\/uploads\/2025\/02\/La-vie-des-villages.png 1414w\" sizes=\"auto, (max-width: 724px) 100vw, 724px\" \/><\/figure>\n\n\n\n<figure class=\"wp-block-image size-large\"><img loading=\"lazy\" decoding=\"async\" width=\"724\" height=\"1024\" src=\"https:\/\/forge-musee.fr\/wp-content\/uploads\/2025\/02\/1-724x1024.png\" alt=\"\" class=\"wp-image-741\" srcset=\"https:\/\/forge-musee.fr\/wp-content\/uploads\/2025\/02\/1-724x1024.png 724w, https:\/\/forge-musee.fr\/wp-content\/uploads\/2025\/02\/1-212x300.png 212w, https:\/\/forge-musee.fr\/wp-content\/uploads\/2025\/02\/1-768x1086.png 768w, https:\/\/forge-musee.fr\/wp-content\/uploads\/2025\/02\/1-1086x1536.png 1086w, https:\/\/forge-musee.fr\/wp-content\/uploads\/2025\/02\/1.png 1414w\" sizes=\"auto, (max-width: 724px) 100vw, 724px\" \/><\/figure>\n\n\n\n<figure class=\"wp-block-image size-large\"><img loading=\"lazy\" decoding=\"async\" width=\"724\" height=\"1024\" src=\"https:\/\/forge-musee.fr\/wp-content\/uploads\/2025\/02\/1-1-724x1024.png\" alt=\"\" class=\"wp-image-742\" srcset=\"https:\/\/forge-musee.fr\/wp-content\/uploads\/2025\/02\/1-1-724x1024.png 724w, https:\/\/forge-musee.fr\/wp-content\/uploads\/2025\/02\/1-1-212x300.png 212w, https:\/\/forge-musee.fr\/wp-content\/uploads\/2025\/02\/1-1-768x1086.png 768w, https:\/\/forge-musee.fr\/wp-content\/uploads\/2025\/02\/1-1-1086x1536.png 1086w, https:\/\/forge-musee.fr\/wp-content\/uploads\/2025\/02\/1-1.png 1414w\" sizes=\"auto, (max-width: 724px) 100vw, 724px\" \/><\/figure>\n<\/div>\n","protected":false},"excerpt":{"rendered":"<p>La Forge-mus\u00e9e d&rsquo;Etueffont propose, en plus des visites guid\u00e9es traditionnelles, des outils de m\u00e9diation permettant au public de tout \u00e2ge de profiter d&rsquo;une visite adapt\u00e9e. Plus de d\u00e9tails sur place pendant les heures d&rsquo;ouverture au par mail \u00e0 contact.forgemusee@mail.com.<\/p>\n","protected":false},"author":1,"featured_media":0,"parent":0,"menu_order":0,"comment_status":"closed","ping_status":"closed","template":"","meta":{"footnotes":""},"class_list":["post-729","page","type-page","status-publish","hentry"],"_links":{"self":[{"href":"https:\/\/forge-musee.fr\/index.php\/wp-json\/wp\/v2\/pages\/729","targetHints":{"allow":["GET"]}}],"collection":[{"href":"https:\/\/forge-musee.fr\/index.php\/wp-json\/wp\/v2\/pages"}],"about":[{"href":"https:\/\/forge-musee.fr\/index.php\/wp-json\/wp\/v2\/types\/page"}],"author":[{"embeddable":true,"href":"https:\/\/forge-musee.fr\/index.php\/wp-json\/wp\/v2\/users\/1"}],"replies":[{"embeddable":true,"href":"https:\/\/forge-musee.fr\/index.php\/wp-json\/wp\/v2\/comments?post=729"}],"version-history":[{"count":11,"href":"https:\/\/forge-musee.fr\/index.php\/wp-json\/wp\/v2\/pages\/729\/revisions"}],"predecessor-version":[{"id":750,"href":"https:\/\/forge-musee.fr\/index.php\/wp-json\/wp\/v2\/pages\/729\/revisions\/750"}],"wp:attachment":[{"href":"https:\/\/forge-musee.fr\/index.php\/wp-json\/wp\/v2\/media?parent=729"}],"curies":[{"name":"wp","href":"https:\/\/api.w.org\/{rel}","templated":true}]}}